{"id":528,"date":"2024-06-07T08:02:09","date_gmt":"2024-06-07T06:02:09","guid":{"rendered":"https:\/\/enjoy.redhill.dk\/agroviprojekter\/template\/?page_id=528"},"modified":"2025-05-19T14:39:20","modified_gmt":"2025-05-19T12:39:20","slug":"forside","status":"publish","type":"page","link":"https:\/\/agroviprojekter.dk\/agroecologytransect\/","title":{"rendered":"forside"},"content":{"rendered":"<div>\n<p>    <img decoding=\"async\" data-src=\"\/agroecologytransect\/wp-content\/uploads\/sites\/7\/2025\/05\/20210502_103011-cripped-scaled.jpg\" alt=\"\" src=\"data:image\/svg+xml;base64,PHN2ZyB3aWR0aD0iMSIgaGVpZ2h0PSIxIiB4bWxucz0iaHR0cDovL3d3dy53My5vcmcvMjAwMC9zdmciPjwvc3ZnPg==\" class=\"lazyload\" style=\"--smush-placeholder-width: 2560px; --smush-placeholder-aspect-ratio: 2560\/1440;\"><\/p>\n<h3>Agroecology Transect<\/h3>\n<div>\n<p><span>Agroecology TRANSECT er et projekt, der gennemf\u00f8res i et samarbejde mellem 10 europ\u00e6iske lande. Form\u00e5let med projektet er at \u00f8ge anvendelsen af en bred vifte af agro\u00f8kologiske (regenerative) landbrugsmetoder hos europ\u00e6iske landm\u00e6nd.<\/span><\/p>\n<\/div>\n<\/div>\n<p><img decoding=\"async\" data-src=\"\/agroecologytransect\/wp-content\/uploads\/sites\/7\/2025\/05\/IMG_20190316_111625-scaled.jpg\" alt=\"\" src=\"data:image\/svg+xml;base64,PHN2ZyB3aWR0aD0iMSIgaGVpZ2h0PSIxIiB4bWxucz0iaHR0cDovL3d3dy53My5vcmcvMjAwMC9zdmciPjwvc3ZnPg==\" class=\"lazyload\" style=\"--smush-placeholder-width: 2560px; --smush-placeholder-aspect-ratio: 2560\/1920;\"><\/p>\n<h2>Form\u00e5l<\/h2>\n<div>\n<p class=\"xmsonormal\">Agroecology TRANSECT er et projekt, der gennemf\u00f8res i et samarbejde mellem 10 europ\u00e6iske lande. Form\u00e5let med projektet er at \u00f8ge anvendelsen af en bred vifte af agro\u00f8kologiske (regenerative) landbrugsmetoder hos europ\u00e6iske landm\u00e6nd. <o:p><\/o:p><\/p>\n<p class=\"xmsonormal\">I den danske del af projektet arbejder vi med at fremme udbredelsen af Conservation Agriculture (og CA-plus = regenerativt landbrug). Det g\u00f8r vi gennem et samarbejde mellem Roskilde Universitet, Agrovi og erfagrupper for landm\u00e6nd med fokus p\u00e5 pl\u00f8jefri dyrkning af jorden.\u00a0\u00a0<o:p><\/o:p><\/p>\n<p class=\"xmsonormal\">Det danske samarbejde mellem Agrovi, RUC og de pl\u00f8jefri erfagrupper kaldes i projektets sammenh\u00e6ng for et Innovation Hub (IH). Udover det danske IH, er der yderligere 10 IH\u2019er fordelt p\u00e5 de 9 andre europ\u00e6iske lande Rum\u00e6nien, Schweiz, Frankrig, Slovenien, Bulgarien, Spanien, Ungarn, Belgien og Holland.\u00a0\u00a0<o:p><\/o:p><\/p>\n<p class=\"xmsonormal\">Projektet l\u00f8ber frem til september 2026.<\/p>\n<\/div>\n<ul>\n<li>\n<p>\n        <a href=\"\/agroecologytransect\/om-projektet\/\">OM PROJEKTET<\/a>\n    <\/p>\n<\/li>\n<li>\n<p>\n        <a href=\"\/agroecologytransect\/viden\/\">VIDEN<\/a>\n    <\/p>\n<\/li>\n<li>\n<p>\n        <a href=\"\/agroecologytransect\/arrangementer\/\">ARRANGEMENTER<\/a>\n    <\/p>\n<\/li>\n<\/ul>\n<h2>Hvad er agroecology eller agro\u00f8kololgi?<\/h2>\n<div>\n<p>Agro\u00f8kologi er en b\u00e6redygtig form for landbrug, hvor der arbejdes med naturen og naturlige processer.<\/p>\n<p>Agro\u00f8kologi er defineret ved 13 forskellige principper, hvor de 7 omhandler det der foreg\u00e5r ude hos landmanden, mens de resterende 6 handler om resten af f\u00f8devaresystemet.\u00a0<\/p>\n<\/div>\n<p><img decoding=\"async\" data-src=\"\/agroecologytransect\/wp-content\/uploads\/sites\/7\/2025\/05\/vikke1.jpg\" alt=\"\" src=\"data:image\/svg+xml;base64,PHN2ZyB3aWR0aD0iMSIgaGVpZ2h0PSIxIiB4bWxucz0iaHR0cDovL3d3dy53My5vcmcvMjAwMC9zdmciPjwvc3ZnPg==\" class=\"lazyload\" style=\"--smush-placeholder-width: 1600px; --smush-placeholder-aspect-ratio: 1600\/1200;\"><br \/>\n<img decoding=\"async\" data-src=\"\/agroecologytransect\/wp-content\/uploads\/sites\/7\/2025\/05\/20210502_103011-scaled.jpg\" alt=\"\" src=\"data:image\/svg+xml;base64,PHN2ZyB3aWR0aD0iMSIgaGVpZ2h0PSIxIiB4bWxucz0iaHR0cDovL3d3dy53My5vcmcvMjAwMC9zdmciPjwvc3ZnPg==\" class=\"lazyload\" style=\"--smush-placeholder-width: 2560px; --smush-placeholder-aspect-ratio: 2560\/1920;\"><\/p>\n<h2>Baggrund for projektet<\/h2>\n<div>\n<p>Europa-Kommissionen har vedtaget en r\u00e6kke strategier og politiske initiativer (blandt andet Green Deal og Farm to Fork).\u00a0<\/p>\n<p>Initiativerne skal g\u00f8re Europa klimaneutralt og heerunder s\u00e6tte retningen for fremtidens retf\u00e6rdige, sunde, samt milj\u00f8- og klimavenlige landbrugs- og f\u00f8devareproduktion.\u00a0<\/p>\n<p>Det er Europa-Kommissionens vurdering, at m\u00e5lene for landbruget blandt andet kan n\u00e5s gennem implementering af agro\u00f8kologiskie principper.<\/p>\n<p>Med henblik p\u00e5 at fremme anvendelsen af agro\u00f8kologiske principper i landbruget, har Europa-Kommissionen stillet projektmidler til r\u00e5dighed under Horizon Europe-programmet.<\/p>\n<p>Et europ\u00e6isk konsortium best\u00e5ende af en lang r\u00e6kke forskere, virksomheder og r\u00e5dgivere er g\u00e5et sammen om at lave projektet AgroEcology-TRANSECT, som i 2022 har opn\u00e5et tilsagn om finansiering.\u00a0<\/p>\n<p>Midlerne er givet indenfor rammerne af Horizon Europe-programmet under overskriften:\u00a0<em>Agro\u00f8kologiske tilgange til afb\u00f8dning af klima\u00e6ndringer, modstandsdygtig landbrugsproduktion og \u00f8get biodiversitet.\u00a0<\/em><\/p>\n<\/div>\n<p><iframe data-src=\"https:\/\/www.youtube.com\/watch?v=Zi9vgQy38bQ\" src=\"data:image\/svg+xml;base64,PHN2ZyB3aWR0aD0iMSIgaGVpZ2h0PSIxIiB4bWxucz0iaHR0cDovL3d3dy53My5vcmcvMjAwMC9zdmciPjwvc3ZnPg==\" class=\"lazyload\" data-load-mode=\"1\"><\/iframe><\/p>\n<p><!--more--><br \/>\n<!-- {\"type\":\"layout\",\"children\":[{\"type\":\"section\",\"props\":{\"header_transparent\":true,\"header_transparent_noplaceholder\":true,\"image_position\":\"center-center\",\"padding_remove_bottom\":true,\"padding_remove_top\":true,\"style\":\"default\",\"title_breakpoint\":\"xl\",\"title_position\":\"top-left\",\"title_rotation\":\"left\",\"vertical_align\":\"middle\",\"width\":\"\"},\"children\":[{\"type\":\"row\",\"children\":[{\"type\":\"column\",\"props\":{\"image_position\":\"center-center\",\"position_sticky_breakpoint\":\"m\"},\"children\":[{\"type\":\"slideshow\",\"props\":{\"container_padding_remove\":false,\"css\":\"@media (max-width:700px) {.el-title {font-size:25px;margin-bottom:-10px !important;}}\",\"link_style\":\"default\",\"link_text\":\"Read more\",\"margin\":\"default\",\"meta_align\":\"below-title\",\"meta_color\":\"muted\",\"meta_element\":\"div\",\"meta_margin\":\"large\",\"meta_style\":\"text-large\",\"nav\":\"dotnav\",\"nav_align\":\"center\",\"nav_breakpoint\":\"s\",\"nav_position\":\"bottom-center\",\"nav_position_margin\":\"medium\",\"overlay_animation\":\"parallax\",\"overlay_container\":\"xlarge\",\"overlay_margin\":\"large\",\"overlay_position\":\"bottom-left\",\"overlay_width\":\"2xlarge\",\"show_content\":true,\"show_link\":true,\"show_meta\":true,\"show_thumbnail\":true,\"show_title\":true,\"slidenav\":\"default\",\"slidenav_breakpoint\":\"s\",\"slidenav_margin\":\"medium\",\"slidenav_outside_breakpoint\":\"xl\",\"slideshow_autoplay_pause\":true,\"slideshow_min_height\":300,\"slideshow_ratio\":\"16:8\",\"text_align\":\"left\",\"text_color\":\"light\",\"thumbnav_height\":\"75\",\"thumbnav_svg_color\":\"emphasis\",\"thumbnav_width\":\"100\",\"title_element\":\"h3\",\"title_hover_style\":\"reset\",\"title_style\":\"heading-medium\"},\"children\":[{\"type\":\"slideshow_item\",\"props\":{\"content\":\"\n\n<p><span>Agroecology TRANSECT er et projekt, der gennemf\\u00f8res i et samarbejde mellem 10 europ\\u00e6iske lande. Form\\u00e5let med projektet er at \\u00f8ge anvendelsen af en bred vifte af agro\\u00f8kologiske (regenerative) landbrugsmetoder hos europ\\u00e6iske landm\\u00e6nd.<\\\/span><\\\/p>\",\"image\":\"wp-content\\\/uploads\\\/sites\\\/7\\\/2025\\\/05\\\/20210502_103011-cripped-scaled.jpg\",\"media_overlay\":\"rgba(0, 0, 0, 0.15)\",\"meta\":\"\",\"title\":\"Agroecology Transect\"}}]}]}],\"props\":{\"attributes\":\".el-overlay {max-width:1600px;margin-left:140px;}\"}}]},{\"type\":\"section\",\"props\":{\"image_position\":\"center-center\",\"padding_remove_top\":false,\"style\":\"default\",\"title_breakpoint\":\"xl\",\"title_position\":\"top-left\",\"title_rotation\":\"left\",\"vertical_align\":\"middle\",\"width\":\"xlarge\"},\"children\":[{\"type\":\"row\",\"props\":{\"layout\":\"1-3,2-3\"},\"children\":[{\"type\":\"column\",\"props\":{\"image_position\":\"center-center\",\"position_sticky_breakpoint\":\"m\",\"vertical_align\":\"middle\",\"width_medium\":\"1-3\"},\"children\":[{\"type\":\"image\",\"props\":{\"image\":\"wp-content\\\/uploads\\\/sites\\\/7\\\/2025\\\/05\\\/IMG_20190316_111625-scaled.jpg\",\"image_border\":\"rounded\",\"image_svg_color\":\"emphasis\",\"margin\":\"default\"}}]},{\"type\":\"column\",\"props\":{\"image_position\":\"center-center\",\"position_sticky_breakpoint\":\"m\",\"vertical_align\":\"middle\",\"width_medium\":\"2-3\"},\"children\":[{\"type\":\"headline\",\"props\":{\"content\":\"Form\\u00e5l\",\"title_element\":\"h2\"}},{\"type\":\"text\",\"props\":{\"column\":\"1-2\",\"column_breakpoint\":\"m\",\"content\":\"\n\n<p class=\\\"xmsonormal\\\">Agroecology TRANSECT er et projekt, der gennemf\\u00f8res i et samarbejde mellem 10 europ\\u00e6iske lande. Form\\u00e5let med projektet er at \\u00f8ge anvendelsen af en bred vifte af agro\\u00f8kologiske (regenerative) landbrugsmetoder hos europ\\u00e6iske landm\\u00e6nd. <o:p><\\\/o:p><\\\/p>\\n\n\n<p class=\\\"xmsonormal\\\">I den danske del af projektet arbejder vi med at fremme udbredelsen af Conservation Agriculture (og CA-plus = regenerativt landbrug). Det g\\u00f8r vi gennem et samarbejde mellem Roskilde Universitet, Agrovi og erfagrupper for landm\\u00e6nd med fokus p\\u00e5 pl\\u00f8jefri dyrkning af jorden.\\u00a0\\u00a0<o:p><\\\/o:p><\\\/p>\\n\n\n<p class=\\\"xmsonormal\\\">Det danske samarbejde mellem Agrovi, RUC og de pl\\u00f8jefri erfagrupper kaldes i projektets sammenh\\u00e6ng for et Innovation Hub (IH). Udover det danske IH, er der yderligere 10 IH\\u2019er fordelt p\\u00e5 de 9 andre europ\\u00e6iske lande Rum\\u00e6nien, Schweiz, Frankrig, Slovenien, Bulgarien, Spanien, Ungarn, Belgien og Holland.\\u00a0\\u00a0<o:p><\\\/o:p><\\\/p>\\n\n\n<p class=\\\"xmsonormal\\\">Projektet l\\u00f8ber frem til september 2026.<\\\/p>\",\"margin\":\"default\"}}]}]}]},{\"type\":\"section\",\"props\":{\"image_position\":\"center-center\",\"style\":\"primary\",\"title_breakpoint\":\"xl\",\"title_position\":\"top-left\",\"title_rotation\":\"left\",\"vertical_align\":\"middle\",\"width\":\"default\"},\"children\":[{\"type\":\"row\",\"children\":[{\"type\":\"column\",\"props\":{\"image_position\":\"center-center\",\"position_sticky_breakpoint\":\"m\"},\"children\":[{\"type\":\"button\",\"props\":{\"button_size\":\"large\",\"grid_column_gap\":\"large\",\"grid_row_gap\":\"\",\"margin\":\"default\",\"text_align\":\"center\"},\"children\":[{\"type\":\"button_item\",\"props\":{\"button_style\":\"primary\",\"content\":\"OM PROJEKTET\",\"dialog_layout\":\"modal\",\"dialog_offcanvas_flip\":true,\"icon\":\"info\",\"icon_align\":\"left\",\"link\":\"om-projektet\\\/\"}},{\"type\":\"button_item\",\"props\":{\"button_style\":\"primary\",\"content\":\"VIDEN\",\"dialog_layout\":\"modal\",\"dialog_offcanvas_flip\":true,\"icon\":\"file-edit\",\"icon_align\":\"left\",\"link\":\"viden\\\/\"}},{\"type\":\"button_item\",\"props\":{\"button_style\":\"primary\",\"content\":\"ARRANGEMENTER\",\"dialog_layout\":\"modal\",\"dialog_offcanvas_flip\":true,\"icon\":\"calendar\",\"icon_align\":\"left\",\"link\":\"arrangementer\\\/\"}}]}]}]}]},{\"type\":\"section\",\"props\":{\"id\":\"mere\",\"image_position\":\"center-center\",\"style\":\"default\",\"title_breakpoint\":\"xl\",\"title_position\":\"top-left\",\"title_rotation\":\"left\",\"vertical_align\":\"middle\",\"width\":\"default\"},\"children\":[{\"type\":\"row\",\"props\":{\"layout\":\"1-2,1-2\"},\"children\":[{\"type\":\"column\",\"props\":{\"image_position\":\"center-center\",\"position_sticky_breakpoint\":\"m\",\"vertical_align\":\"middle\",\"width_medium\":\"1-2\"},\"children\":[{\"type\":\"headline\",\"props\":{\"content\":\"Hvad er agroecology eller agro\\u00f8kololgi?\",\"title_element\":\"h2\"}},{\"type\":\"text\",\"props\":{\"column_breakpoint\":\"m\",\"content\":\"\n\n<p>Agro\\u00f8kologi er en b\\u00e6redygtig form for landbrug, hvor der arbejdes med naturen og naturlige processer.<\\\/p>\\n\n\n<p>Agro\\u00f8kologi er defineret ved 13 forskellige principper, hvor de 7 omhandler det der foreg\\u00e5r ude hos landmanden, mens de resterende 6 handler om resten af f\\u00f8devaresystemet.\\u00a0<\\\/p>\",\"margin\":\"default\"}}]},{\"type\":\"column\",\"props\":{\"image_position\":\"center-center\",\"position_sticky_breakpoint\":\"m\",\"width_medium\":\"1-2\"},\"children\":[{\"type\":\"image\",\"props\":{\"image\":\"wp-content\\\/uploads\\\/sites\\\/7\\\/2025\\\/05\\\/vikke1.jpg\",\"image_border\":\"rounded\",\"image_height\":500,\"image_svg_color\":\"emphasis\",\"image_width\":650,\"margin\":\"default\"}}]}]},{\"type\":\"row\",\"children\":[{\"type\":\"column\",\"props\":{\"image_position\":\"center-center\",\"position_sticky_breakpoint\":\"m\"}}]},{\"type\":\"row\",\"props\":{\"layout\":\"1-2,1-2\"},\"children\":[{\"type\":\"column\",\"props\":{\"image_position\":\"center-center\",\"position_sticky_breakpoint\":\"m\",\"width_medium\":\"1-2\"},\"children\":[{\"type\":\"image\",\"props\":{\"image\":\"wp-content\\\/uploads\\\/sites\\\/7\\\/2025\\\/05\\\/20210502_103011-scaled.jpg\",\"image_border\":\"rounded\",\"image_height\":700,\"image_svg_color\":\"emphasis\",\"image_width\":650,\"margin\":\"default\"}}]},{\"type\":\"column\",\"props\":{\"image_position\":\"center-center\",\"position_sticky_breakpoint\":\"m\",\"vertical_align\":\"middle\",\"width_medium\":\"1-2\"},\"children\":[{\"type\":\"headline\",\"props\":{\"content\":\"Baggrund for projektet\",\"title_element\":\"h2\"}},{\"type\":\"text\",\"props\":{\"column_breakpoint\":\"m\",\"content\":\"\n\n<p>Europa-Kommissionen har vedtaget en r\\u00e6kke strategier og politiske initiativer (blandt andet Green Deal og Farm to Fork).\\u00a0<\\\/p>\\n\n\n<p>Initiativerne skal g\\u00f8re Europa klimaneutralt og heerunder s\\u00e6tte retningen for fremtidens retf\\u00e6rdige, sunde, samt milj\\u00f8- og klimavenlige landbrugs- og f\\u00f8devareproduktion.\\u00a0<\\\/p>\\n\n\n<p>Det er Europa-Kommissionens vurdering, at m\\u00e5lene for landbruget blandt andet kan n\\u00e5s gennem implementering af agro\\u00f8kologiskie principper.<\\\/p>\\n\n\n<p>Med henblik p\\u00e5 at fremme anvendelsen af agro\\u00f8kologiske principper i landbruget, har Europa-Kommissionen stillet projektmidler til r\\u00e5dighed under Horizon Europe-programmet.<\\\/p>\\n\n\n<p>Et europ\\u00e6isk konsortium best\\u00e5ende af en lang r\\u00e6kke forskere, virksomheder og r\\u00e5dgivere er g\\u00e5et sammen om at lave projektet AgroEcology-TRANSECT, som i 2022 har opn\\u00e5et tilsagn om finansiering.\\u00a0<\\\/p>\\n\n\n<p>Midlerne er givet indenfor rammerne af Horizon Europe-programmet under overskriften:\\u00a0<em>Agro\\u00f8kologiske tilgange til afb\\u00f8dning af klima\\u00e6ndringer, modstandsdygtig landbrugsproduktion og \\u00f8get biodiversitet.\\u00a0<\\\/em><\\\/p>\",\"margin\":\"default\"}}]}]}]},{\"type\":\"section\",\"props\":{\"id\":\"mere\",\"image_position\":\"center-center\",\"style\":\"default\",\"title_breakpoint\":\"xl\",\"title_position\":\"top-left\",\"title_rotation\":\"left\",\"vertical_align\":\"middle\",\"width\":\"default\"},\"children\":[{\"type\":\"row\",\"children\":[{\"type\":\"column\",\"props\":{\"image_position\":\"center-center\",\"position_sticky_breakpoint\":\"m\"},\"children\":[{\"type\":\"video\",\"props\":{\"margin\":\"default\",\"video\":\"https:\\\/\\\/www.youtube.com\\\/watch?v=Zi9vgQy38bQ\",\"video_box_shadow\":\"small\",\"video_controls\":true,\"video_height\":\"600\",\"video_lazyload\":true,\"video_title\":\"Efgr\\u00f8der i november 2024\",\"video_width\":\"1200\"}}]}]}]},{\"type\":\"section\",\"props\":{\"image_position\":\"center-center\",\"status\":\"disabled\",\"style\":\"muted\",\"title_breakpoint\":\"xl\",\"title_position\":\"top-left\",\"title_rotation\":\"left\",\"vertical_align\":\"middle\",\"width\":\"expand\"},\"children\":[{\"type\":\"row\",\"props\":{\"divider\":false},\"children\":[{\"type\":\"column\",\"props\":{\"image_position\":\"center-center\",\"position_sticky_breakpoint\":\"m\"},\"children\":[{\"type\":\"headline\",\"props\":{\"content\":\"partnere og st\\u00f8ttegivere\",\"text_align\":\"center\",\"title_element\":\"h2\",\"title_style\":\"h1\"}}]}]},{\"type\":\"row\",\"props\":{\"margin\":\"large\"},\"children\":[{\"type\":\"column\",\"props\":{\"image_position\":\"center-center\",\"position_sticky_breakpoint\":\"m\"},\"children\":[{\"type\":\"panel-slider\",\"props\":{\"class\":\"graylogoer\",\"content_column_breakpoint\":\"m\",\"icon_width\":80,\"image_align\":\"top\",\"image_grid_breakpoint\":\"m\",\"image_grid_width\":\"1-2\",\"image_svg_color\":\"emphasis\",\"link_style\":\"default\",\"link_text\":\"Read more\",\"margin\":\"large\",\"meta_align\":\"below-title\",\"meta_element\":\"div\",\"meta_style\":\"text-meta\",\"nav\":\"dotnav\",\"nav_align\":\"center\",\"nav_breakpoint\":\"s\",\"panel_match\":true,\"show_content\":true,\"show_hover_image\":true,\"show_hover_video\":true,\"show_image\":true,\"show_link\":true,\"show_meta\":true,\"show_title\":false,\"show_video\":true,\"slidenav\":\"outside\",\"slidenav_breakpoint\":\"xl\",\"slidenav_margin\":\"medium\",\"slidenav_outside_breakpoint\":\"xl\",\"slider_autoplay_pause\":true,\"slider_gap\":\"default\",\"slider_width\":\"fixed\",\"slider_width_default\":\"1-1\",\"slider_width_medium\":\"1-6\",\"title_align\":\"top\",\"title_element\":\"h3\",\"title_grid_breakpoint\":\"m\",\"title_grid_width\":\"1-2\",\"title_hover_style\":\"reset\"},\"children\":[{\"type\":\"panel-slider_item\",\"props\":{\"image\":\"wp-content\\\/uploads\\\/sites\\\/4\\\/2024\\\/06\\\/agrovifav.svg\",\"title\":\"agrovifav\"}},{\"type\":\"panel-slider_item\",\"props\":{\"image\":\"wp-content\\\/uploads\\\/sites\\\/4\\\/2024\\\/06\\\/agrovifav.svg\",\"title\":\"agrovifav\"}},{\"type\":\"panel-slider_item\",\"props\":{\"image\":\"wp-content\\\/uploads\\\/sites\\\/4\\\/2024\\\/06\\\/agrovifav.svg\",\"title\":\"agrovifav\"}},{\"type\":\"panel-slider_item\",\"props\":{\"image\":\"wp-content\\\/uploads\\\/sites\\\/4\\\/2024\\\/06\\\/agrovifav.svg\",\"title\":\"agrovifav\"}},{\"type\":\"panel-slider_item\",\"props\":{\"image\":\"wp-content\\\/uploads\\\/sites\\\/4\\\/2024\\\/06\\\/agrovifav.svg\",\"title\":\"agrovifav\"}},{\"type\":\"panel-slider_item\",\"props\":{\"image\":\"wp-content\\\/uploads\\\/sites\\\/4\\\/2024\\\/06\\\/agrovifav.svg\",\"title\":\"agrovifav\"}},{\"type\":\"panel-slider_item\",\"props\":{\"image\":\"wp-content\\\/uploads\\\/sites\\\/4\\\/2024\\\/06\\\/agrovifav.svg\",\"title\":\"agrovifav\"}}]}]}]}],\"name\":\"Partnere og st\\u00f8ttegivere\"}],\"version\":\"4.5.15\"} --><\/p>\n","protected":false},"excerpt":{"rendered":"<p>Agroecology Transect Agroecology TRANSECT er et projekt, der gennemf\u00f8res i et samarbejde mellem 10 europ\u00e6iske lande. Form\u00e5let med projektet er at \u00f8ge anvendelsen af en bred vifte af agro\u00f8kologiske (regenerative) landbrugsmetoder hos europ\u00e6iske landm\u00e6nd. Form\u00e5l Agroecology TRANSECT er et projekt, der gennemf\u00f8res i et samarbejde mellem 10 europ\u00e6iske lande. Form\u00e5let med projektet er at \u00f8ge [&hellip;]<\/p>\n","protected":false},"author":1,"featured_media":0,"parent":0,"menu_order":0,"comment_status":"closed","ping_status":"closed","template":"","meta":{"_acf_changed":false,"footnotes":""},"class_list":["post-528","page","type-page","status-publish","hentry"],"acf":[],"_links":{"self":[{"href":"https:\/\/agroviprojekter.dk\/agroecologytransect\/wp-json\/wp\/v2\/pages\/528","targetHints":{"allow":["GET"]}}],"collection":[{"href":"https:\/\/agroviprojekter.dk\/agroecologytransect\/wp-json\/wp\/v2\/pages"}],"about":[{"href":"https:\/\/agroviprojekter.dk\/agroecologytransect\/wp-json\/wp\/v2\/types\/page"}],"author":[{"embeddable":true,"href":"https:\/\/agroviprojekter.dk\/agroecologytransect\/wp-json\/wp\/v2\/users\/1"}],"replies":[{"embeddable":true,"href":"https:\/\/agroviprojekter.dk\/agroecologytransect\/wp-json\/wp\/v2\/comments?post=528"}],"version-history":[{"count":72,"href":"https:\/\/agroviprojekter.dk\/agroecologytransect\/wp-json\/wp\/v2\/pages\/528\/revisions"}],"predecessor-version":[{"id":916,"href":"https:\/\/agroviprojekter.dk\/agroecologytransect\/wp-json\/wp\/v2\/pages\/528\/revisions\/916"}],"wp:attachment":[{"href":"https:\/\/agroviprojekter.dk\/agroecologytransect\/wp-json\/wp\/v2\/media?parent=528"}],"curies":[{"name":"wp","href":"https:\/\/api.w.org\/{rel}","templated":true}]}}