{"id":530,"date":"2024-06-07T08:02:18","date_gmt":"2024-06-07T06:02:18","guid":{"rendered":"https:\/\/enjoy.redhill.dk\/agroviprojekter\/template\/?page_id=530"},"modified":"2024-12-05T13:01:13","modified_gmt":"2024-12-05T12:01:13","slug":"om-projektet","status":"publish","type":"page","link":"https:\/\/agroviprojekter.dk\/bbobb\/om-projektet\/","title":{"rendered":"Om projekt"},"content":{"rendered":"<div>\n<p>    <img decoding=\"async\" data-src=\"\/bbobb\/wp-content\/uploads\/sites\/8\/2024\/12\/20240717_165447-scaled.jpg\" alt=\"\" src=\"data:image\/svg+xml;base64,PHN2ZyB3aWR0aD0iMSIgaGVpZ2h0PSIxIiB4bWxucz0iaHR0cDovL3d3dy53My5vcmcvMjAwMC9zdmciPjwvc3ZnPg==\" class=\"lazyload\" style=\"--smush-placeholder-width: 2560px; --smush-placeholder-aspect-ratio: 2560\/1152;\"><\/p>\n<h3>OM PROJEKTET<\/h3>\n<\/div>\n<div>\n<div>\n<p>Udledningen af klimagasser fra omr\u00e5der som energi, industri, varme og affald er reduceret v\u00e6sentligt over de seneste 30 \u00e5r. Der er ikke sket en tilsvarende reduktion i udledningen af klimagasser fra landbrug og byggeri, og derfor kommer disse omr\u00e5der til at fylde en stadig st\u00f8rre andel af den samlede udledning. Med EU\u2019s m\u00e5l om klimaneutralitet i 2050, er det derfor afg\u00f8rende at vi ogs\u00e5 f\u00e5r sat gang i udviklingen af klimaindsatser indenfor blandt andet landbrug og byggeri.\u00a0<\/p>\n<p>I forbindelse med BBoBB-projektet, ser Agrovi en mulighed for, at biobaserede byggematerialer kan v\u00e6re en del af l\u00f8sningen p\u00e5 b\u00e5de landbrugets og byggeriets klimaudfordringer. Hamp har potentielt en meget h\u00f8j biomasseproduktion, og derfor vil der ogs\u00e5 blive efterladt en stor biomasse i marken i form af r\u00f8dder, rodeksudater, stup og blade. Samtidig ser vi hamp som en interessant vekselafgr\u00f8de, da den kan dyrkes uden brug af pesticider, med et lavt input af kv\u00e6lstof og fordi den b\u00e5de har en god forfrugtsv\u00e6rdi og en positiv effekt p\u00e5 jordstrukturen.<\/p>\n<p>Ved at anvende hamp og andre biomasser i produktionen af byggematerialer, opn\u00e5r man b\u00e5de en v\u00e6sentlig reduktion af energiforbruget ved fremstilling af byggematerialerne sammenlignet med traditionelle materialer som beton, tegl og st\u00e5l, og samtidig en lagring af kulstof i de bygninger, som materialerne bliver anvendt i. I Agrovi har vi en ambition om, at landbruget skal godskrives en del af den positive effekt, der opst\u00e5r ved lagring af kulstof i bygninger, som vi er med til at sikre ved at levere biomasse til byggeriet.<\/p>\n<\/div>\n<\/div>\n<p><!--more--><br \/>\n<!-- {\"type\":\"layout\",\"children\":[{\"type\":\"section\",\"props\":{\"header_transparent\":true,\"header_transparent_noplaceholder\":true,\"image_position\":\"center-center\",\"padding_remove_bottom\":true,\"padding_remove_top\":true,\"style\":\"default\",\"title_breakpoint\":\"xl\",\"title_position\":\"top-left\",\"title_rotation\":\"left\",\"vertical_align\":\"middle\",\"width\":\"\"},\"children\":[{\"type\":\"row\",\"children\":[{\"type\":\"column\",\"props\":{\"image_position\":\"center-center\",\"position_sticky_breakpoint\":\"m\"},\"children\":[{\"type\":\"slideshow\",\"props\":{\"container_padding_remove\":false,\"css\":\"@media (max-width:700px) {.el-title {font-size:25px;margin-bottom:-10px !important;}}\",\"link_style\":\"default\",\"link_text\":\"Read more\",\"margin\":\"default\",\"meta_align\":\"below-title\",\"meta_color\":\"muted\",\"meta_element\":\"div\",\"meta_margin\":\"large\",\"meta_style\":\"text-large\",\"nav\":\"dotnav\",\"nav_align\":\"center\",\"nav_breakpoint\":\"s\",\"nav_position\":\"bottom-center\",\"nav_position_margin\":\"medium\",\"overlay_animation\":\"parallax\",\"overlay_container\":\"xlarge\",\"overlay_margin\":\"large\",\"overlay_position\":\"bottom-left\",\"overlay_width\":\"2xlarge\",\"show_content\":true,\"show_link\":true,\"show_meta\":true,\"show_thumbnail\":true,\"show_title\":true,\"slidenav\":\"default\",\"slidenav_breakpoint\":\"s\",\"slidenav_margin\":\"medium\",\"slidenav_outside_breakpoint\":\"xl\",\"slideshow_autoplay_pause\":true,\"slideshow_min_height\":300,\"slideshow_ratio\":\"16:5\",\"text_align\":\"left\",\"thumbnav_height\":\"75\",\"thumbnav_svg_color\":\"emphasis\",\"thumbnav_width\":\"100\",\"title_element\":\"h3\",\"title_style\":\"heading-medium\"},\"children\":[{\"type\":\"slideshow_item\",\"props\":{\"content\":\"\",\"image\":\"wp-content\\\/uploads\\\/sites\\\/8\\\/2024\\\/12\\\/20240717_165447-scaled.jpg\",\"meta\":\"\",\"text_color\":\"light\",\"title\":\"OM PROJEKTET\"}}]}]}],\"props\":{\"attributes\":\".el-overlay {max-width:1600px;margin-left:140px;}\"}}]},{\"type\":\"section\",\"props\":{\"image_position\":\"center-center\",\"padding_remove_top\":false,\"style\":\"default\",\"title_breakpoint\":\"xl\",\"title_position\":\"top-left\",\"title_rotation\":\"left\",\"vertical_align\":\"middle\",\"width\":\"xlarge\"},\"children\":[{\"type\":\"row\",\"children\":[{\"type\":\"column\",\"props\":{\"image_position\":\"center-center\",\"position_sticky_breakpoint\":\"m\"},\"children\":[{\"type\":\"grid\",\"props\":{\"content_column\":\"1-2\",\"content_column_breakpoint\":\"m\",\"css\":\".el-image {border-radius:15px;}\\n\",\"filter_align\":\"left\",\"filter_all\":true,\"filter_grid_breakpoint\":\"m\",\"filter_grid_width\":\"auto\",\"filter_position\":\"top\",\"filter_style\":\"tab\",\"grid_default\":\"1\",\"grid_medium\":\"1\",\"icon_width\":80,\"image_align\":\"left\",\"image_grid_breakpoint\":\"m\",\"image_grid_width\":\"auto\",\"image_height\":\"300\",\"image_svg_color\":\"emphasis\",\"image_width\":\"400\",\"item_animation\":true,\"link_style\":\"primary\",\"link_text\":\"Read more\",\"margin\":\"default\",\"meta_align\":\"below-title\",\"meta_element\":\"div\",\"meta_style\":\"text-meta\",\"panel_expand\":\"content\",\"panel_image_no_padding\":true,\"panel_padding\":\"default\",\"panel_style\":\"tile-default\",\"show_content\":true,\"show_image\":true,\"show_link\":true,\"show_meta\":true,\"show_title\":true,\"title_align\":\"top\",\"title_element\":\"h2\",\"title_grid_breakpoint\":\"m\",\"title_grid_width\":\"1-2\",\"title_hover_style\":\"reset\",\"title_style\":\"h2\"},\"children\":[{\"type\":\"grid_item\",\"props\":{\"content\":\"\n\n<p>Udledningen af klimagasser fra omr\\u00e5der som energi, industri, varme og affald er reduceret v\\u00e6sentligt over de seneste 30 \\u00e5r. Der er ikke sket en tilsvarende reduktion i udledningen af klimagasser fra landbrug og byggeri, og derfor kommer disse omr\\u00e5der til at fylde en stadig st\\u00f8rre andel af den samlede udledning. Med EU\\u2019s m\\u00e5l om klimaneutralitet i 2050, er det derfor afg\\u00f8rende at vi ogs\\u00e5 f\\u00e5r sat gang i udviklingen af klimaindsatser indenfor blandt andet landbrug og byggeri.\\u00a0<\\\/p>\\n\n\n<p>I forbindelse med BBoBB-projektet, ser Agrovi en mulighed for, at biobaserede byggematerialer kan v\\u00e6re en del af l\\u00f8sningen p\\u00e5 b\\u00e5de landbrugets og byggeriets klimaudfordringer. Hamp har potentielt en meget h\\u00f8j biomasseproduktion, og derfor vil der ogs\\u00e5 blive efterladt en stor biomasse i marken i form af r\\u00f8dder, rodeksudater, stup og blade. Samtidig ser vi hamp som en interessant vekselafgr\\u00f8de, da den kan dyrkes uden brug af pesticider, med et lavt input af kv\\u00e6lstof og fordi den b\\u00e5de har en god forfrugtsv\\u00e6rdi og en positiv effekt p\\u00e5 jordstrukturen.<\\\/p>\\n\n\n<p>Ved at anvende hamp og andre biomasser i produktionen af byggematerialer, opn\\u00e5r man b\\u00e5de en v\\u00e6sentlig reduktion af energiforbruget ved fremstilling af byggematerialerne sammenlignet med traditionelle materialer som beton, tegl og st\\u00e5l, og samtidig en lagring af kulstof i de bygninger, som materialerne bliver anvendt i. I Agrovi har vi en ambition om, at landbruget skal godskrives en del af den positive effekt, der opst\\u00e5r ved lagring af kulstof i bygninger, som vi er med til at sikre ved at levere biomasse til byggeriet.<\\\/p>\",\"image\":\"\",\"title\":\"\"}}]}]}]}]}],\"version\":\"4.4.16\"} --><\/p>\n","protected":false},"excerpt":{"rendered":"<p>OM PROJEKTET Udledningen af klimagasser fra omr\u00e5der som energi, industri, varme og affald er reduceret v\u00e6sentligt over de seneste 30 \u00e5r. Der er ikke sket en tilsvarende reduktion i udledningen af klimagasser fra landbrug og byggeri, og derfor kommer disse omr\u00e5der til at fylde en stadig st\u00f8rre andel af den samlede udledning. Med EU\u2019s m\u00e5l [&hellip;]<\/p>\n","protected":false},"author":1,"featured_media":0,"parent":0,"menu_order":0,"comment_status":"closed","ping_status":"closed","template":"","meta":{"_acf_changed":false,"footnotes":""},"class_list":["post-530","page","type-page","status-publish","hentry"],"acf":[],"_links":{"self":[{"href":"https:\/\/agroviprojekter.dk\/bbobb\/wp-json\/wp\/v2\/pages\/530","targetHints":{"allow":["GET"]}}],"collection":[{"href":"https:\/\/agroviprojekter.dk\/bbobb\/wp-json\/wp\/v2\/pages"}],"about":[{"href":"https:\/\/agroviprojekter.dk\/bbobb\/wp-json\/wp\/v2\/types\/page"}],"author":[{"embeddable":true,"href":"https:\/\/agroviprojekter.dk\/bbobb\/wp-json\/wp\/v2\/users\/1"}],"replies":[{"embeddable":true,"href":"https:\/\/agroviprojekter.dk\/bbobb\/wp-json\/wp\/v2\/comments?post=530"}],"version-history":[{"count":82,"href":"https:\/\/agroviprojekter.dk\/bbobb\/wp-json\/wp\/v2\/pages\/530\/revisions"}],"predecessor-version":[{"id":989,"href":"https:\/\/agroviprojekter.dk\/bbobb\/wp-json\/wp\/v2\/pages\/530\/revisions\/989"}],"wp:attachment":[{"href":"https:\/\/agroviprojekter.dk\/bbobb\/wp-json\/wp\/v2\/media?parent=530"}],"curies":[{"name":"wp","href":"https:\/\/api.w.org\/{rel}","templated":true}]}}