{"id":954,"date":"2026-03-17T17:31:42","date_gmt":"2026-03-17T16:31:42","guid":{"rendered":"https:\/\/agroviprojekter.dk\/oasis\/?page_id=954"},"modified":"2026-04-01T16:12:24","modified_gmt":"2026-04-01T14:12:24","slug":"om-projektet","status":"publish","type":"page","link":"https:\/\/agroviprojekter.dk\/oasis\/forside\/om-projektet\/","title":{"rendered":"Om projektet"},"content":{"rendered":"<div>\n<p>    <img decoding=\"async\" data-src=\"\/oasis\/wp-content\/uploads\/sites\/9\/2026\/04\/OMPROJEKTET-scaled.png\" alt=\"\" src=\"data:image\/svg+xml;base64,PHN2ZyB3aWR0aD0iMSIgaGVpZ2h0PSIxIiB4bWxucz0iaHR0cDovL3d3dy53My5vcmcvMjAwMC9zdmciPjwvc3ZnPg==\" class=\"lazyload\" style=\"--smush-placeholder-width: 2560px; --smush-placeholder-aspect-ratio: 2560\/1132;\"><\/p>\n<h3>om OASIS<\/h3>\n<div>\n<p>OASIS st\u00f8tter Danmarks strategi om at styrke og \u00f8ge \u00f8kologisk landbrug som en vigtig del af den gr\u00f8nne omstilling. Projektet best\u00e5r af fire overordnede aktiviteter.<\/p>\n<p>OASIS er finansieret af GUDP\/ICROFS RDD.<\/p>\n<\/div>\n<\/div>\n<ul>\n<li>\n<p>        <img decoding=\"async\" data-src=\"\/oasis\/wp-content\/uploads\/sites\/9\/2026\/04\/aktivitet1-scaled.jpeg\" alt=\"\" src=\"data:image\/svg+xml;base64,PHN2ZyB3aWR0aD0iMSIgaGVpZ2h0PSIxIiB4bWxucz0iaHR0cDovL3d3dy53My5vcmcvMjAwMC9zdmciPjwvc3ZnPg==\" class=\"lazyload\" style=\"--smush-placeholder-width: 1920px; --smush-placeholder-aspect-ratio: 1920\/2560;\"><\/p>\n<h2>Aktivitet #1<\/h2>\n<div>\n<p><strong>Vurdere potentialer for produktion af kvalitetsprodukter samt for at sikre \u00f8konomisk b\u00e6redygtighed og robusthed for landmanden, med fokus p\u00e5<\/strong><\/p>\n<p>1.1. Tidlig v\u00e6kst af tr\u00e6er og produktion af h\u00f8stbare produkter<\/p>\n<p>1.2. Tr\u00e6ers p\u00e5virkning af afgr\u00f8ders produktivitet p\u00e5 tilst\u00f8dende marker<\/p>\n<p>1.3. Forel\u00f8big \u00f8konomisk vurdering af nyligt etableret skovlandbrug<\/p>\n<\/div>\n<\/li>\n<li>\n<p>        <img decoding=\"async\" data-src=\"\/oasis\/wp-content\/uploads\/sites\/9\/2026\/04\/aktivitet2.jpg\" alt=\"\" src=\"data:image\/svg+xml;base64,PHN2ZyB3aWR0aD0iMSIgaGVpZ2h0PSIxIiB4bWxucz0iaHR0cDovL3d3dy53My5vcmcvMjAwMC9zdmciPjwvc3ZnPg==\" class=\"lazyload\" style=\"--smush-placeholder-width: 1512px; --smush-placeholder-aspect-ratio: 1512\/2016;\"><\/p>\n<h2>Aktivitet #2<\/h2>\n<div>\n<p><strong>Etablere referencepunkter og vurdere potentiale for kulstoflagring og jordens sundhed i skovlandbrug, med fokus p\u00e5<\/strong><\/p>\n<p>2.1. Potentiale for kulstoflagring i skovlandbrug<\/p>\n<p>2.2. Rate og potentiale for kulstoflagring i tr\u00e6agtige planter<\/p>\n<p>2.3. Jordens organiske kulstof i varierende afstande fra l\u00e6hegn<\/p>\n<p>2.4. Jordens fysiske egenskaber<\/p>\n<\/div>\n<\/li>\n<li>\n<p>        <img decoding=\"async\" data-src=\"\/oasis\/wp-content\/uploads\/sites\/9\/2026\/04\/aktivitet3-scaled.jpg\" alt=\"\" src=\"data:image\/svg+xml;base64,PHN2ZyB3aWR0aD0iMSIgaGVpZ2h0PSIxIiB4bWxucz0iaHR0cDovL3d3dy53My5vcmcvMjAwMC9zdmciPjwvc3ZnPg==\" class=\"lazyload\" style=\"--smush-placeholder-width: 1920px; --smush-placeholder-aspect-ratio: 1920\/2560;\"><\/p>\n<h2>Aktivitet #3<\/h2>\n<div>\n<p><strong>Etablere referencepunkter og vurdere biodiversitet, funktionel biodiversitet og skadedyrsregulering i nyligt etablerede skovlandbrugssystemer, med fokus p\u00e5<\/strong><\/p>\n<p>3.1. Overjordisk insekt- og fuglebiodiversitet<\/p>\n<p>3.2. Jordfaunaens biodiversitet<\/p>\n<p>3.3. Funktionel diversitet blandt rovinsekter og naturlig skadedyrsregulering<\/p>\n<p>3.4. Ressourceudnyttelse af naturlige fjender til skadedyr<\/p>\n<\/div>\n<\/li>\n<li>\n<p>        <img decoding=\"async\" data-src=\"\/oasis\/wp-content\/uploads\/sites\/9\/2026\/04\/aktivitetx-scaled.jpeg\" alt=\"\" src=\"data:image\/svg+xml;base64,PHN2ZyB3aWR0aD0iMSIgaGVpZ2h0PSIxIiB4bWxucz0iaHR0cDovL3d3dy53My5vcmcvMjAwMC9zdmciPjwvc3ZnPg==\" class=\"lazyload\" style=\"--smush-placeholder-width: 1920px; --smush-placeholder-aspect-ratio: 1920\/2560;\"><\/p>\n<h2>Aktivitet #4<\/h2>\n<div>\n<p><strong>Etablere og monitorere skovlandbrug samt lave demonstrationer p\u00e5 to lokaliteter, Gram Slot og \u00d8m Klostergaard, via<\/strong><\/p>\n<p>4.1. Etablering og vedligeholdelse af skovlandbrugssystemer<\/p>\n<p>4.2. Demonstrationer rettet mod offentligheden, konsulenter og landm\u00e6nd<\/p>\n<p>4.3. Retningslinjer til landbrugskonsulenter og landm\u00e6nd<\/p>\n<\/div>\n<\/li>\n<\/ul>\n<p><!--more--><br \/>\n<!-- {\"type\":\"layout\",\"children\":[{\"type\":\"section\",\"props\":{\"header_transparent\":true,\"header_transparent_noplaceholder\":true,\"image_position\":\"center-center\",\"padding_bottom\":\"none\",\"padding_top\":\"none\",\"style\":\"default\",\"title_breakpoint\":\"xl\",\"title_position\":\"top-left\",\"title_rotation\":\"left\",\"vertical_align\":\"middle\",\"width\":\"\"},\"children\":[{\"type\":\"row\",\"children\":[{\"type\":\"column\",\"props\":{\"image_position\":\"center-center\",\"position_sticky_breakpoint\":\"m\"},\"children\":[{\"type\":\"slideshow\",\"props\":{\"container_padding_remove\":false,\"css\":\"@media (max-width:700px) {.el-title {font-size:25px;margin-bottom:-10px !important;}}\",\"link_style\":\"default\",\"link_text\":\"Read more\",\"margin_bottom\":\"default\",\"margin_top\":\"default\",\"meta_align\":\"below-title\",\"meta_color\":\"muted\",\"meta_element\":\"div\",\"meta_margin\":\"large\",\"meta_style\":\"text-large\",\"nav\":\"dotnav\",\"nav_align\":\"center\",\"nav_breakpoint\":\"s\",\"nav_position\":\"bottom-center\",\"nav_position_margin\":\"medium\",\"overlay_animation\":\"parallax\",\"overlay_container\":\"xlarge\",\"overlay_margin\":\"large\",\"overlay_position\":\"bottom-left\",\"overlay_width\":\"2xlarge\",\"show_content\":true,\"show_link\":true,\"show_meta\":true,\"show_thumbnail\":true,\"show_title\":true,\"slidenav\":\"default\",\"slidenav_breakpoint\":\"s\",\"slidenav_margin\":\"medium\",\"slidenav_outside_breakpoint\":\"xl\",\"slideshow_autoplay_pause\":true,\"slideshow_min_height\":\"450\",\"slideshow_ratio\":\"16:5\",\"text_align\":\"left\",\"text_color\":\"light\",\"thumbnav_height\":\"75\",\"thumbnav_svg_color\":\"emphasis\",\"thumbnav_width\":\"100\",\"title_element\":\"h3\",\"title_hover_style\":\"reset\",\"title_style\":\"heading-medium\"},\"children\":[{\"type\":\"slideshow_item\",\"props\":{\"content\":\"\n\n<p>OASIS st\u00f8tter Danmarks strategi om at styrke og \u00f8ge \u00f8kologisk landbrug som en vigtig del af den gr\u00f8nne omstilling. Projektet best\u00e5r af fire overordnede aktiviteter.<\/p>\n\n\\n\n\n<p>OASIS er finansieret af GUDP\/ICROFS RDD.<\/p>\n\n\",\"image\":\"wp-content\/uploads\/sites\/9\/2026\/04\/OMPROJEKTET-scaled.png\",\"meta\":\"\",\"title\":\"om OASIS\"}}]}]}],\"props\":{\"attributes\":\".el-overlay {max-width:1600px;margin-left:140px;}\"}}]},{\"type\":\"section\",\"props\":{\"image_position\":\"center-center\",\"style\":\"default\",\"title_breakpoint\":\"xl\",\"title_position\":\"top-left\",\"title_rotation\":\"left\",\"vertical_align\":\"middle\",\"width\":\"xlarge\"},\"children\":[{\"type\":\"row\",\"children\":[{\"type\":\"column\",\"props\":{\"image_position\":\"center-center\",\"position_sticky_breakpoint\":\"m\"},\"children\":[{\"type\":\"grid\",\"props\":{\"content_column_breakpoint\":\"m\",\"content_margin_auto\":true,\"css\":\".el-image {border-radius:15px;}\\n\",\"filter_align\":\"left\",\"filter_all\":true,\"filter_grid_breakpoint\":\"m\",\"filter_grid_width\":\"auto\",\"filter_position\":\"top\",\"filter_style\":\"tab\",\"grid_default\":\"1\",\"grid_medium\":\"1\",\"image_align\":\"left\",\"image_grid_breakpoint\":\"m\",\"image_grid_width\":\"auto\",\"image_height\":400,\"image_svg_color\":\"emphasis\",\"image_width\":200,\"item_animation\":true,\"lightbox_bg_close\":true,\"link_style\":\"primary\",\"link_text\":\"Read more\",\"margin_bottom\":\"default\",\"margin_top\":\"default\",\"meta_align\":\"below-title\",\"meta_element\":\"div\",\"meta_style\":\"text-meta\",\"panel_image_no_padding\":true,\"panel_padding\":\"default\",\"panel_style\":\"tile-default\",\"show_content\":true,\"show_hover_image\":true,\"show_hover_video\":true,\"show_image\":true,\"show_link\":true,\"show_meta\":true,\"show_title\":true,\"show_video\":true,\"title_align\":\"top\",\"title_element\":\"h2\",\"title_grid_breakpoint\":\"m\",\"title_grid_width\":\"1-2\",\"title_hover_style\":\"reset\",\"title_style\":\"h2\"},\"children\":[{\"type\":\"grid_item\",\"props\":{\"content\":\"\n\n<p><strong>Vurdere potentialer for produktion af kvalitetsprodukter samt for at sikre \u00f8konomisk b\u00e6redygtighed og robusthed for landmanden, med fokus p\u00e5<\/strong><\/p>\n\n\\n\n\n<p>1.1. Tidlig v\u00e6kst af tr\u00e6er og produktion af h\u00f8stbare produkter<\/p>\n\n\\n\n\n<p>1.2. Tr\u00e6ers p\u00e5virkning af afgr\u00f8ders produktivitet p\u00e5 tilst\u00f8dende marker<\/p>\n\n\\n\n\n<p>1.3. Forel\u00f8big \u00f8konomisk vurdering af nyligt etableret skovlandbrug<\/p>\n\n\",\"image\":\"wp-content\/uploads\/sites\/9\/2026\/04\/aktivitet1-scaled.jpeg\",\"image_focal_point\":\"top-center\",\"title\":\"Aktivitet #1\"}},{\"type\":\"grid_item\",\"props\":{\"content\":\"\n\n<p><strong>Etablere referencepunkter og vurdere potentiale for kulstoflagring og jordens sundhed i skovlandbrug, med fokus p\u00e5<\/strong><\/p>\n\n\\n\n\n<p>2.1. Potentiale for kulstoflagring i skovlandbrug<\/p>\n\n\\n\n\n<p>2.2. Rate og potentiale for kulstoflagring i tr\u00e6agtige planter<\/p>\n\n\\n\n\n<p>2.3. Jordens organiske kulstof i varierende afstande fra l\u00e6hegn<\/p>\n\n\\n\n\n<p>2.4. Jordens fysiske egenskaber<\/p>\n\n\",\"image\":\"wp-content\/uploads\/sites\/9\/2026\/04\/aktivitet2.jpg\",\"image_focal_point\":\"top-center\",\"title\":\"Aktivitet #2\"}},{\"type\":\"grid_item\",\"props\":{\"content\":\"\n\n<p><strong>Etablere referencepunkter og vurdere biodiversitet, funktionel biodiversitet og skadedyrsregulering i nyligt etablerede skovlandbrugssystemer, med fokus p\u00e5<\/strong><\/p>\n\n\\n\n\n<p>3.1. Overjordisk insekt- og fuglebiodiversitet<\/p>\n\n\\n\n\n<p>3.2. Jordfaunaens biodiversitet<\/p>\n\n\\n\n\n<p>3.3. Funktionel diversitet blandt rovinsekter og naturlig skadedyrsregulering<\/p>\n\n\\n\n\n<p>3.4. Ressourceudnyttelse af naturlige fjender til skadedyr<\/p>\n\n\",\"image\":\"wp-content\/uploads\/sites\/9\/2026\/04\/aktivitet3-scaled.jpg\",\"image_focal_point\":\"top-center\",\"title\":\"Aktivitet #3\"}},{\"type\":\"grid_item\",\"props\":{\"content\":\"\n\n<p><strong>Etablere og monitorere skovlandbrug samt lave demonstrationer p\u00e5 to lokaliteter, Gram Slot og \u00d8m Klostergaard, via<\/strong><\/p>\n\n\\n\n\n<p>4.1. Etablering og vedligeholdelse af skovlandbrugssystemer<\/p>\n\n\\n\n\n<p>4.2. Demonstrationer rettet mod offentligheden, konsulenter og landm\u00e6nd<\/p>\n\n\\n\n\n<p>4.3. Retningslinjer til landbrugskonsulenter og landm\u00e6nd<\/p>\n\n\",\"image\":\"wp-content\/uploads\/sites\/9\/2026\/04\/aktivitetx-scaled.jpeg\",\"image_focal_point\":\"top-center\",\"title\":\"Aktivitet #4\"}}]}]}]}]}],\"version\":\"5.0.22\"} --><\/p>\n","protected":false},"excerpt":{"rendered":"<p>om OASIS OASIS st\u00f8tter Danmarks strategi om at styrke og \u00f8ge \u00f8kologisk landbrug som en vigtig del af den gr\u00f8nne omstilling. Projektet best\u00e5r af fire overordnede aktiviteter. OASIS er finansieret af GUDP\/ICROFS RDD. Aktivitet #1 Vurdere potentialer for produktion af kvalitetsprodukter samt for at sikre \u00f8konomisk b\u00e6redygtighed og robusthed for landmanden, med fokus p\u00e5 1.1. [&hellip;]<\/p>\n","protected":false},"author":2,"featured_media":0,"parent":528,"menu_order":0,"comment_status":"closed","ping_status":"closed","template":"","meta":{"_acf_changed":false,"footnotes":""},"class_list":["post-954","page","type-page","status-publish","hentry"],"acf":[],"_links":{"self":[{"href":"https:\/\/agroviprojekter.dk\/oasis\/wp-json\/wp\/v2\/pages\/954","targetHints":{"allow":["GET"]}}],"collection":[{"href":"https:\/\/agroviprojekter.dk\/oasis\/wp-json\/wp\/v2\/pages"}],"about":[{"href":"https:\/\/agroviprojekter.dk\/oasis\/wp-json\/wp\/v2\/types\/page"}],"author":[{"embeddable":true,"href":"https:\/\/agroviprojekter.dk\/oasis\/wp-json\/wp\/v2\/users\/2"}],"replies":[{"embeddable":true,"href":"https:\/\/agroviprojekter.dk\/oasis\/wp-json\/wp\/v2\/comments?post=954"}],"version-history":[{"count":4,"href":"https:\/\/agroviprojekter.dk\/oasis\/wp-json\/wp\/v2\/pages\/954\/revisions"}],"predecessor-version":[{"id":974,"href":"https:\/\/agroviprojekter.dk\/oasis\/wp-json\/wp\/v2\/pages\/954\/revisions\/974"}],"up":[{"embeddable":true,"href":"https:\/\/agroviprojekter.dk\/oasis\/wp-json\/wp\/v2\/pages\/528"}],"wp:attachment":[{"href":"https:\/\/agroviprojekter.dk\/oasis\/wp-json\/wp\/v2\/media?parent=954"}],"curies":[{"name":"wp","href":"https:\/\/api.w.org\/{rel}","templated":true}]}}